prime factors of f?
3, 349
Let r(v) = -3*v - 23. Let q(f) = -2*f - 24. Let j be q(-6). Let m be r(j). Suppose 17*w - 692 = m*w. List the prime factors of w.
173
Suppose s + 463 = 2*j, 133*j - 137*j + s = -921. What are the prime factors of j?
229
Suppose -4*y - 540 = 196. Let t = -74 - y. What are the prime factors of t?
2, 5, 11
Let n be (-2)/8 + 15/12. Suppose -j + n - 2 = 0. What are the prime factors of -67*(-2)/(-2)*(-2 - j)?
67
Let d = -162 + 165. What are the prime factors of (d + -39)*(145/(-10) + 3)?
2, 3, 23
List the prime factors of 1466514/81 + 6/(216/(-4)).
3, 5, 17, 71
Let b be ((-59)/(-2))/(4/(-56)). Let y = b + 696. What are the prime factors of y?
283
Suppose -24*a - 8849 + 272839 = -1038874. List the prime factors of a.
2, 27143
Let h(f) = -53*f**3 + 7*f**2 + 43*f + 97. What are the prime factors of h(-3)?
2, 17, 43
Let r(z) = -19*z**3 + z**2 + z + 4. Suppose 40*m - 115 = 35*m. Suppose 2*w + m = 19. What are the prime factors of r(w)?
2, 79
List the prime factors of (1 - (-147)/(-12))/(11/(-5808)*2).
2, 3, 5, 11
Suppose 0*u + 2*u - 142 = -3*d, -3*u = 5*d - 238. Let i be 20/d + 13/5. Suppose 2*l - 322 = 5*m, 726 - 193 = i*l + 5*m. List the prime factors of l.
3, 19
Let h(z) = -5*z - 88. Let k = 218 - 250. List the prime factors of h(k).
2, 3
Let x(u) = -u**3 - 18*u**2 - 41*u - 17. Let b be x(-17). Let k = 584 - b. What are the prime factors of k?
193
Suppose 0 = 15*f + 43 - 13. Let g(l) = -120*l - 15. List the prime factors of g(f).
3, 5
Suppose -5*b - 12602 + 397 = -5*p, 2436 = p + 4*b. Suppose 4*h - 1680 = p. Suppose 2*j = -8*j + h. List the prime factors of j.
103
Suppose -207330 = -65*k + 50*k. What are the prime factors of k?
2, 6911
Suppose 5*b - b - 32 = 0. Suppose -7*x - 482 = -b*x. Suppose -5*t + 435 = -5*q, 4*t + 4*q - x + 126 = 0. List the prime factors of t.
2, 11
Let u be (-20 - (0 - -1)) + 1. List the prime factors of (u/(-25))/((-14)/(-105)).
2, 3
Let l be 0 + (7 - 18/(-3)). What are the prime factors of 3 - ((-1530)/(-8))/(l/(-52))?
2, 3
Let z(f) = 32*f**2 + 1476. Let y(l) = -l**3 - 15*l**2 - 36*l. Let v be y(-12). List the prime factors of z(v).
2, 3, 41
Suppose -1549459 = -377*k + 5881442 - 2343286. What are the prime factors of k?
5, 2699
Suppose 37431 = 864*a - 861*a - 5*y, 0 = -a + 4*y + 12498. What are the prime factors of a?
2, 3, 31, 67
Let v(n) = 1879*n - 131. What are the prime factors of v(5)?
2, 3, 193
Suppose q + 12 = 5*q. Suppose -q*j + 157 = -470. List the prime factors of j.
11, 19
Let p = -28629 - -100889. List the prime factors of p.
2, 5, 3613
Suppose -4*m - 2*g - 37 = -7*m, -4*m + 16 = 4*g. Suppose 2*k - 6*b + m*b = 528, -811 = -3*k + 5*b. What are the prime factors of k?
3, 89
Suppose -5*o - 5*a = -a + 21, a = -4*o - 19. Let r = 32 - o. What are the prime factors of r?
37
Suppose -3*z = 5*w - 8466 - 2496, -4*w - z + 8764 = 0. Let p = w - 1521. List the prime factors of p.
3, 223
Let m(v) = -3*v**3 + 37*v**2 - 5*v + 17. Let p be m(13). What are the prime factors of (21/42)/((-1)/p)?
193
What are the prime factors of 17 + 1596/(-105) + 10401/5?
2, 3, 347
What are the prime factors of (-14)/49 + (-6 - (-8 + (-1324640)/56))?
2, 2957
Let q = 8121 + -3792. List the prime factors of q.
3, 13, 37
Let q(j) be the second derivative of 2*j**3 + 13*j**2 + 11/12*j**4 + 0 - 21*j + 1/20*j**5. What are the prime factors of q(-8)?
2, 61
Let c be 1 + 3*2/(-4)*-6. Suppose -3*y + 24 = -3*b, 5*y + c + 0 = -5*b. List the prime factors of (-2)/(((-12)/28)/y).
2, 7
What are the prime factors of 4/((-64)/(-87320))*2?
5, 37, 59
Let c(h) = 2*h**2 - 6*h - 24. Suppose 0 = n - 3*z, n - 4*z + 10 = -2*n. Let q be (n/4)/((-1)/32*-6). List the prime factors of c(q).
2, 19
Let a(w) = 1191*w**3 - w**2. Let l be a(1). Let m = -716 + l. What are the prime factors of m?
2, 3, 79
Let t(a) = a**3 + 9*a**2 + 12*a + 33. Let d be t(-8). Let x(l) = 282*l**2 - l + 2. What are the prime factors of x(d)?
283
Let o be 4/30 + 32/(-240). Suppose o = -18*m + 1568 + 4282. List the prime factors of m.
5, 13
Let l be 15/9*(34/(-5) - -8). List the prime factors of (-272)/(-85)*195/l.
2, 3, 13
What are the prime factors of 444*(3260/60 - -13)?
2, 37, 101
Let w(q) = 2*q**3 - 4*q**2 + q + 3. Let m be w(3). Suppose 20*s = m*s + 304. Let x = 80 + s. What are the prime factors of x?
2
Let n(o) = -525*o - 1287. List the prime factors of n(-10).
3, 1321
Suppose -2*b + 2*u + 18240 = 0, 2*b = -9*u + 6*u + 18240. Suppose 0*j - b = -16*j. What are the prime factors of j?
2, 3, 5, 19
Let g(t) = t + 16. Suppose -4*v - 3*y - 57 = -1, 64 = -4*v - 5*y. Let p be g(v). Suppose p + 5 = 5*z. What are the prime factors of z?
2
Suppose 0 = 3*u - 0*u - 3*y - 1113, -758 = -2*u - 2*y. Let z = u - 17. What are the prime factors of z?
2, 179
Let g(w) = -5*w - 50. Let x be g(-7). List the prime factors of 312 + 9 + x/(-3).
2, 163
Suppose -25*t + 8520 = -18680. What are the prime factors of t?
2, 17
Let t be 24/14*(-35)/10 + -2330. Let a = t - -3972. What are the prime factors of a?
2, 409
Let x = 34679 + -26916. List the prime factors of x.
7, 1109
Let i = 2174 - 607. Suppose -p - 3*d + i = 3*p, -d + 1945 = 5*p. What are the prime factors of p?
2, 97
Suppose 121 = 20*i - 159. Suppose -i*n - 3464 = -22*n. What are the prime factors of n?
433
Let v = 6761 + 147. List the prime factors of v.
2, 11, 157
Let m(i) = 30 - 25 - 32 - 32 - 33 + 138*i. List the prime factors of m(7).
2, 19, 23
Suppose -5*a - 276 = -4*n, -2*n = 4*a - 7*a - 166. List the prime factors of 36/(-3)*(-5)/(-10)*a.
2, 3, 7
Suppose -4*x - 3*r + 2282 = 0, 0 + 8 = -4*r. Suppose 9*k + 0*k = 18. Suppose -2*f = k*f - x. What are the prime factors of f?
11, 13
Let j = 65436 + -39840. Suppose j = -59*n + 77*n. What are the prime factors of n?
2, 3, 79
Suppose -133 = 2*d + 5*f + 35, 3*d + 5*f + 252 = 0. Let n = d + 109. What are the prime factors of n?
5
Suppose -7*j = -2*j - 4*h - 112049, 44846 = 2*j + 5*h. Suppose 1523 = 22*i - j. List the prime factors of i.
2, 17
Let s(v) = -v**2 - 43*v + 103. Suppose -35*z - 62 = -33*z. What are the prime factors of s(z)?
5, 19
What are the prime factors of 229857/21 + 12*9/(-189)?
5, 11, 199
Let a be (-275)/330 - (-70)/12. Suppose -5006 = -a*h - y, 4563 - 563 = 4*h + 2*y. List the prime factors of h.
2, 3, 167
List the prime factors of -31*(382/4)/((36 - 23)/(-130)).
5, 31, 191
Suppose 3*n - 154601 = 2*z, 0 = -2*z - 39 + 43. List the prime factors of n.
5, 11, 937
Let s be -82*7/(-3) + (-14)/(-21). List the prime factors of 1812/16 + (-8)/(s/(-18)).
2, 3, 19
Let r be (61/(-122))/((-2)/(8/1)). List the prime factors of (1 + -144)/((-5)/r - -2).
2, 11, 13
List the prime factors of (-3 - ((5 - 3) + -2))/((-117)/1179087).
7, 617
Let v(i) = 17*i - 73. Let x be v(17). Let a(m) = 7*m + 27*m**2 - 216 - 9*m**2 + x. What are the prime factors of a(-3)?
3, 47
Let l(a) = -a**2 - 11*a - 27. Let h be l(-9). List the prime factors of ((-864)/(-64))/(h/(-246)).
3, 41
List the prime factors of (5 - -43406)/((-2)/28*-14).
43411
Suppose -3*f - 7 - 2 = 3*v, -5*f = -v + 9. Let w = v - -54. Let z = w + -16. List the prime factors of z.
37
Let o(g) = -317*g + 376. What are the prime factors of o(-9)?
3229
Let f(l) = 4*l**3 + 5*l**2 - 7*l - 28. Let v be f(-7). Let a = v + 1949. What are the prime factors of a?
3, 281
Let y = -27714 + 81276. What are the prime factors of y?
2, 3, 79, 113
Let w(q) = 2*q**2 - 63*q + 91. Let t be w(28). What are the prime factors of (t/(-10))/((-2)/(1176/(-18)))?
7
Let r = -6640 - -23465. List the prime factors of r.
5, 673
Let d = -62 + 54. Let p = d - -48. Suppose 3*z = 3*b + 156, 0 = -z - 2*b - b + p. What are the prime factors of z?
7
Suppose -26707 = -5*p + 76903. What are the prime factors of p?
2, 13, 797
Suppose -5*k + 1037 = 3*v, 0 = -4*k + 7*k - 4*v - 599. Let l = k - -206. List the prime factors of l.
3, 137
Let d(g) = -g**3 - g**2 - 8*g - 4. Let i be d(0). List the prime factors of (-3 + 1)*1*30/i.
3, 5
What are the prime factors of (9/54*-4)/((-8)/147924)?
3, 7, 587
Suppose v = 4*h - 12, 9*h - 12 = 7*h + 2*v. Suppose -21*l + 22*l = h. Suppose 3*d + 5*i = 35, -i = 5*d - l*i - 105. List the prime factors of d.
2, 5
Let u(x) = -4*x + 122. Let a be u(5). Let t = -19 + a. List the prime factors of t.
83
Let p(o) = 11*o + 4. Let k(u) be the third derivative of 